f -x**3/3 + 5*x**2/2 - 9. Determine y(5).
0
Let m(s) be the second derivative of 1/24*s**4 + 0*s**2 - 7/360*s**6 + 0 - s + 1/60*s**5 + 1/3*s**3. Let y(i) be the second derivative of m(i). Give y(-1).
-8
Let b(d) = 2*d + 6. Let i(q) = -q**3 - 4*q**2 + 3. Suppose 0*m + 4*m = 2*x - 12, -15 = 5*m + x. Let g be i(m). Calculate b(g).
-6
Let o(n) = -n + 1. Let z = -28 - -22. Give o(z).
7
Let n(i) = 3*i - 1. Let b(f) = -4*f + 1. Let c(p) = 2*b(p) + 3*n(p). Suppose 2*u + u = g + 6, 0 = 2*g - 5*u + 9. Calculate c(g).
2
Let m(d) = -d**3 - 6*d**2 - 5*d - 7. Let s(g) = -g**3 + g**2 - g + 3. Let b be s(0). Let p be -4 + (-1 - 3) + b. What is m(p)?
-7
Let q(j) = -4*j + 1. Let g be q(1). Let o(u) = -u**3 - 3*u**2 + 2*u - 4. Give o(g).
-10
Let m(f) be the first derivative of 17*f**2/2 + 2. Calculate m(1).
17
Suppose -1 = -s - 0*s. Let x(b) = 0 - 4*b + 2 + s - 1. Let q(w) = -w**2 + 4*w + 3. Let z be q(4). Calculate x(z).
-10
Let g(p) be the third derivative of -1/24*p**4 + 0*p + 1/6*p**3 + 0 - p**2. Suppose 0 = -r + 5*i - 20, -6*r + 2*r + 3*i = 12. Calculate g(r).
1
Let j(c) = 1 + 8*c**3 - 3*c**3 - 7*c - 8*c**2 - 6*c**3 + c. Calculate j(-7).
-6
Let c be 0 - -2*(3 - 2). Suppose 0 = c*m, 0*x + 2*x - 4*m = 0. Let o(j) be the third derivative of j**6/120 + j**5/60 + j**3 + 3*j**2. What is o(x)?
6
Let p(g) = g**3 - g**2 - 11*g - 2. Let r be p(4). Let h(y) = 3*y - 1. Calculate h(r).
5
Let o(v) be the third derivative of 7*v**2 + 0 + 0*v - 1/3*v**3 - 1/24*v**4. What is o(6)?
-8
Let j(k) = k**3 + k**2 - 2*k - 2. Let x be (18/15)/((-6)/(-80)). Let c be 4/6 + x/(-6). Determine j(c).
-2
Let j(p) = -17*p**2 + 21*p - 3. Suppose 3*v = -2*r - 10 - 15, -v = -r + 10. Let d(g) = -4*g**2 + 5*g - 1. Let s(n) = v*d(n) + 2*j(n). What is s(2)?
5
Suppose c + 3 = -0*c. Suppose 3*z - 11 - 1 = 0. Let m(y) = z*y + 1 + y - 5 + y**2 + 6. Calculate m(c).
-4
Let i(w) be the second derivative of w**2 - 5/6*w**3 - 1/12*w**4 - 6*w + 0. What is i(-4)?
6
Let o(a) = 2 - 1 + 1305*a**3 - 2*a + a**2 - 1304*a**3. Determine o(2).
9
Let s be (-5)/((-4)/4*1). Let g(p) = 3 + 3*p + p + p - p**2. Give g(s).
3
Let g(a) = -a**3 - 3*a**2 - 2*a + 3. Let x be 1*(-6)/(-4)*2. Let r be 3*x/(-3)*1. Give g(r).
9
Let f be (2/4)/((-1)/(-4)). Let d(o) = -4*o**3 - 16*o + 1 - o**f + 16*o. Give d(1).
-4
Suppose 0 = -7*d + 3*d - 12. Let c(q) = 2*q - q**2 - 1 + q - 6*q. What is c(d)?
-1
Let k(j) = -3*j + 2. Let s(f) = 4*f - 3. Suppose 4*y = -y - 5*h + 20, 26 = 4*y - h. Let u(r) = y*k(r) + 5*s(r). Let z(b) = -b - 4. Let d be z(-8). Give u(d).
5
Let b(i) be the third derivative of i**5/60 - 7*i**4/24 + 2*i**3/3 + 7*i**2. Give b(6).
-2
Let n = -6 + 4. Let g(s) = 1. Let q(y) = -y**2 - 3*y - 5. Let u(l) = n*g(l) - q(l). Calculate u(-3).
3
Let k(c) = c**3 - 1 - 6 - 44*c + 37*c + 4*c**2. Calculate k(-5).
3
Let f(l) = -l**3 + 4*l**2 - 3*l. Suppose -d + 2 - 8 = 0. Let p be (d/4)/(6/(-12)). Calculate f(p).
0
Let v be ((-1)/((-6)/9))/(4/8). Let z(d) = 4*d + 2. Give z(v).
14
Let p(r) be the first derivative of 4*r - 1/4*r**4 - 5/3*r**3 - 4 - 3/2*r**2. Calculate p(-3).
-5
Let k(c) = -2*c**3 - 12*c**2 - 15*c + 19. Let x = 2 + -5. Let r(h) = -h**3 - 6*h**2 - 7*h + 9. Let f(z) = x*k(z) + 7*r(z). What is f(-5)?
1
Let l(d) = 2*d. Let m(w) = 3*w - 1. Let p(r) = 5*l(r) - 3*m(r). Determine p(-7).
-4
Let z(b) = -4*b. Let o be (-4)/5*20/(-8). What is z(o)?
-8
Let k = 5 - 10. Let a(b) = b**3 + 6*b**2 + 6*b + 1. Calculate a(k).
-4
Let z be (-1)/2*(-18)/1. Suppose -5*q - 3 = -4*w + z, -q - 9 = -3*w. Suppose w*m = 15, 4*m - 29 = -0*b + 3*b. Let l(p) = -p. What is l(b)?
3
Let l(y) = 5*y**3 + 7*y + 3. Let v(m) = -m**3 - m - 1. Let n(u) = -l(u) - 6*v(u). Calculate n(0).
3
Let b(l) be the first derivative of -5*l**3/3 + l**2/2 - 3. Calculate b(1).
-4
Let y be (-12)/18 + (-148)/(-6). Suppose -4 = 4*s - y. Suppose -10 = s*k + 2*a, -2*a + 18 = -k + 4. Let g(f) = -2*f - 1. What is g(k)?
7
Let g(m) = 1 - m**3 - 8*m**2 + 1 + 0*m**3 - 6*m - 1. Give g(-7).
-6
Suppose -v - 3*m = -4*v + 18, -10 = -v + 2*m. Let a(x) = 26*x - 54*x + 1 + 30*x. Calculate a(v).
5
Suppose 3*u - 10 = -19. Let j(h) = -h**2 + 2*h + 4. Calculate j(u).
-11
Let u(j) = j**3 + 8*j**2 + 8*j + 7. Let f = -75 - -68. Give u(f).
0
Suppose -5*f + 95 - 15 = -5*j, -52 = -4*f - 2*j. Let i(q) = f*q**2 + 0*q + 6*q - 15*q**2 + q + 8. Give i(6).
14
Suppose -18 = -2*z + 5*z. Let j be z/(-15) + (-4)/10. Let x = j - 4. Let o(m) = -m**3 - 6*m**2 - 7*m - 5. What is o(x)?
-9
Suppose 1 = 4*y + 5. Let s be -3 + 0 + y + 2. Let a(q) = -2 + 1 + 2*q + q. Give a(s).
-7
Let w(z) = -z**3 - 4*z**2 + 3. Let g = 26 - 29. Determine w(g).
-6
Suppose 3*x - 4*r - 9 = 0, -4*x = r + r - 34. Let w be -1*(x - (-1 - -3)). Let v(b) = b**3 + 5*b**2 - b - 2. Give v(w).
3
Let y(q) = q**2 + 12*q - 1. Let b(d) = -2*d**2 - 23*d + 1. Let c(p) = 4*b(p) + 7*y(p). What is c(-7)?
4
Suppose -l - 3 = 2*l. Let g be (1/l)/((-3)/(-6)). Let x(h) = h**2 + 4*h + 1. Let a(y) = 1. Let j(b) = -a(b) + x(b). Determine j(g).
-4
Let b(d) = d**2 - 4*d + 3. Let w be b(3). Let x(m) = -3*m - 3. Let s(k) = 4*k + 4. Let q(f) = -2*s(f) - 3*x(f). What is q(w)?
1
Let h(p) = -3*p**3 + 3*p**2 - 4*p - 3. Let m(l) = -5*l + 4*l**2 + l**3 - 5*l**3 - 4 + 0*l**2 + 0*l**2. Let i(g) = 5*h(g) - 4*m(g). Determine i(1).
1
Let z(j) = -9*j**2 + 9*j - 14. Let g(a) = 5*a**2 - 5*a + 7. Let n(m) = 11*g(m) + 6*z(m). Suppose 0 = 4*v - 13 + 13. What is n(v)?
-7
Let v(y) = -6*y - 1. Let q(a) = 3*a + 1. Let f(o) = -5*q(o) - 2*v(o). Let g = -121 - -118. What is f(g)?
6
Let z(m) = m - 5. Let s(x) = x**3 + 9*x**2 - 11*x - 4. Let c be (-5 + 15)*(-2 - -1). Let b be s(c). Give z(b).
1
Let x(d) be the first derivative of -d**4/4 - 2*d**3/3 - d**2/2 - 2*d + 3. Determine x(-2).
0
Let z(o) = -2 + 38*o - 41*o + 4 + o**2. Determine z(2).
0
Let j be 24/(-20)*(-5)/1. Let w(p) be the third derivative of -p**5/60 + p**4/3 - 3*p**3/2 + 5*p**2. Calculate w(j).
3
Let f(t) = -6 - 2*t + 4 - 6 + 3. What is f(-5)?
5
Suppose i = 5*c - 14, -4*i = -5*c - 0*c + 26. Let f(v) = -2*v**2 + 2. Calculate f(c).
-6
Let w be (-4)/(-1) + (3 - (10 - 5)). Let s(y) be the first derivative of y**2 + 2 - 2*y - 1/3*y**3. Determine s(w).
-2
Let r(a) = 3*a + 1. Let d be r(2). Let i = d - 3. Suppose 0*h - 4*h = i. Let z(b) = -4*b**3 - 2*b**2 - 2*b - 1. Give z(h).
3
Let g(s) = 7*s**3 - 6*s**2 - 13*s - 13. Let h(m) = m**3 - m - 1. Let i(x) = g(x) - 6*h(x). Give i(7).
-7
Let n(f) = 7*f + 1. Suppose 0 = -2*g + 3 - 5. What is n(g)?
-6
Let v(b) = b**2 + 4*b + 3. Let i be v(-2). Let p = i + 1. Let m(y) = -36*y + y**2 + 36*y - 6. Determine m(p).
-6
Let g(y) = -y + 6. Suppose 2*o + 11 = j, 2 - 18 = -2*j + 2*o. Calculate g(j).
1
Let y be (-6 + 1)/((-2)/2). Let d(b) = 7*b**2 - 6*b - 4. Let h(o) = -8*o**2 + 6*o + 5. Let g(l) = y*h(l) + 6*d(l). Calculate g(4).
9
Let w(j) = 2*j - 2. Let o(f) = f. Let d be o(2). Suppose -7*y = 31 - 3. Let z = y + d. Calculate w(z).
-6
Let p(d) be the third derivative of -d**6/120 - d**5/20 + d**4/12 - 5*d**3/6 + 27*d**2. Determine p(-4).
3
Let y(p) = 0*p + 76 - 79 - 2*p**2 + p + p**3. Calculate y(3).
9
Let t(w) = -w + 1. Let m(g) = -5*g - 2. Let f(v) = -14*v - 6. Let u(b) = 6*f(b) - 17*m(b). Let a be u(2). Suppose a = -l + 2*l. Give t(l).
1
Suppose -8 = f + 5*h, 0 = -f - 3*h - 4 - 0. Let b(s) = f*s**2 - s**2 - 4*s + 2*s + 7*s + 1. What is b(-3)?
-5
Suppose -2*t + 6 + 22 = 0. Let i(y) = 3*y + 9. Let p(c) = c + 4. Let o(n) = t*p(n) - 6*i(n). Determine o(2).
-6
Suppose d + 1 - 3 = -x, 5*d - x = 10. Let j(s) = s**2 + 3*s - 3. Determine j(d).
7
Let s(f) = 2*f + 4. Let b be (-14)/49 - (-12)/(-7). Let t(o) = o**3 - 3*o - 3. Let l be t(b). Give s(l).
-6
Suppose 3 - 15 = -3*s. Suppose -4*i + 12 = -s. Let n(p) = -2 + 1 + 0 + i*p - 2. Determine n(2).
5
Let d(u) = -19*u + 5. Let b(x) = -20*x + 6. Let y = -15 - -19. Let a(f) = y*b(f) - 5*d(f). Calculate a(1).
14
Let p(j) be the second derivative of -j**3/6 - j**2/2 - 9*j. Determine p(3).
-4
Let s(r) be the first derivative of r**6/120 + r**5/15 - r**4/6 - 2*r**2 - 4. Let c(x) be the second derivative of s(x). Calculate c(-5).
-5
Suppose 4*t + 5*x + 9 = 0, 0*t + 3*x = -2*t - 5. Let a(s) = 4*s - 2. Let h(w) = w - 1. Let k(m) = 3*a(m) - 6*h(m). What is k(t)?
-6
Suppose -4 = -g, 5*o + 2*g - g = 74. Let u = 10 - o. Let l(p) = -p**2 - 6*p - 6. Give l(u).
2
Let w = 3 + 0. Let s(y) = -y